 55 + -48. Suppose 4*p - 31 = -b. Suppose 0 = 4*l - 3*d - 464, 5*l + 4*d - 587 = p*d. List the prime factors of l.
7, 17
Suppose 5*s - 3487 = -r, -3*r - 4*s - 6974 = -5*r. Suppose -8*m + r = 895. What are the prime factors of m?
2, 3
Let m be (-64)/11 + 3/(99/(-6)). Let a = m - -16. List the prime factors of (-238 - -3)*(-4)/a.
2, 47
Suppose 0 = 3*r + w - 0 - 11, -w + 13 = 4*r. Suppose 10 = 3*a + r*a. Suppose a*k = 2*t + 50, 5*t - 22 - 87 = -4*k. What are the prime factors of k?
2, 13
Let b be (214/(-4))/(23/(-138)). Suppose -126 - b = -s. What are the prime factors of s?
3, 149
Let f(v) = -9*v - 23. Let r be f(-4). Suppose -1606 = -r*i + 1306. List the prime factors of i.
2, 7
Let h = -6 + 25. Suppose 0 = -4*w + w - 9, -w + h = -i. Let n = 14 - i. What are the prime factors of n?
2, 3
Let g(o) = -9*o - 24*o + 59 + 26*o. Let t be g(8). Suppose 4*y = t*y + 3*l + 81, 4*y = 4*l + 300. List the prime factors of y.
2, 3
What are the prime factors of 2/7 - ((-52)/(-312) + 451411/(-42))?
2, 2687
Let u be 5/((-40)/(-12))*(9 + -7). Suppose -2*n - 493 = 4*d - 1743, -3095 = -5*n + 5*d. Suppose 105 + n = u*t. What are the prime factors of t?
2, 11
Let m(r) be the second derivative of 83*r**3/6 + 67*r**2 - 114*r. What are the prime factors of m(4)?
2, 233
Let x be 3 + 2 - (-1280 + -5 + 12). List the prime factors of -1*x*3/(-6).
3, 71
Suppose 25*i - 20*i = 10640. Suppose h = 5*x - 3*h - 2661, 0 = -4*x + 3*h + i. List the prime factors of x.
23
Suppose 0 = 150*j - 98*j - 694668. List the prime factors of j.
3, 61, 73
Let w be (284/(-2))/((-2)/6). Suppose -7*x = -505 - w. Let m = -78 + x. List the prime factors of m.
5, 11
Let w(v) be the third derivative of 7*v**5/30 - 5*v**4/24 - 2*v**3/3 + 115*v**2. List the prime factors of w(-3).
137
Suppose -112*i + 3*m + 3564 = -109*i, 2*i - 2411 = -3*m. Suppose 0 = 4*n - 13 + 5. What are the prime factors of n/(5 - i/240)?
2, 3
Let j(v) = -2*v - 55. Suppose 5*s + 66 = -2*d, 2*d - 5*d - s - 86 = 0. Let k be j(d). What are the prime factors of 166 + -2 - (k + 1)?
2, 3
Let c(y) = 184*y**3 + 13*y**2 - 33*y - 25. What are the prime factors of c(5)?
5, 7, 661
Let p(s) = 2*s**2 - 14*s - 1. Let x(l) = 2*l**2 + 11*l - 9. Let i be x(-7). Let d be p(i). Suppose -5*f + d + 196 = 0. What are the prime factors of f?
3, 7
Suppose -2*h + 3*y = -1097, 0 = h + h + y - 1085. Suppose 4*b = 3*q - 413, 6*q = 10*q - 4*b - h. List the prime factors of q.
131
What are the prime factors of (-24)/(-72) + ((-436810)/(-15) - -4)?
5, 233
Suppose -78761 = -3*k - 5*q + 79235, k - q - 52668 = 0. List the prime factors of k.
52667
Suppose 2*g + 5*h = -101, -3*h = -5*g - 5*h - 305. Let q = 150 + g. List the prime factors of q.
3, 29
Let o = 533 - 497. Let q(b) = -b**2 - 6*b - 1. Let x be q(-5). Suppose 2*f + x*f = o. What are the prime factors of f?
2, 3
Let j(s) = s**2 + 5*s + 5. Suppose -11 = -0*i + i + 2*t, 2*t + 6 = 0. Let a be j(i). Suppose 2*z + 4 = -6, 0 = 2*f - a*z - 353. What are the prime factors of f?
2, 41
Let j = -60287 - -85129. What are the prime factors of j?
2, 12421
Let b(v) = v**3 + 11*v**2 - 2*v - 18. Suppose 67 = -5*t + 12. Let j be b(t). Suppose -j*m - 2*y = -416, -2*y = -5*y. List the prime factors of m.
2, 13
List the prime factors of (3662/(-4))/((60/5)/(-72)).
3, 1831
Suppose 4*s - 3*v = 1557, -s + 5*v - 2*v + 378 = 0. Let w = s - 91. List the prime factors of w.
2, 151
Let i be (-3 + -1)*2/(-2). Let o be 12/(-8) - (-18)/i. Suppose -3*k = -y - 588, -o*k = k + y - 777. What are the prime factors of k?
3, 5, 13
Let j(a) = 13*a**3 + a + 1. Let x be j(-1). Let s = -188 - -87. Let t = x - s. List the prime factors of t.
2, 11
Let r = 59 - 55. Suppose -2*m + 1308 = t, -t - 3074 = -r*m - 446. List the prime factors of m.
2, 41
Let f(q) = 68*q**3 + 26*q - 48. List the prime factors of f(6).
2, 3, 137
Let x(r) = 24*r - 35*r + 11 + 36*r + 3*r**2. What are the prime factors of x(-17)?
3, 151
Let k be 4/((-30)/(-2020)*(-8)/6). List the prime factors of 1/((18/54)/(k/(-6))).
101
Let o(u) be the first derivative of u**3 - 37*u**2/2 - 34*u - 31. What are the prime factors of o(23)?
2, 3, 13
Suppose 0 = -q + 2*v + 1606, -11*v = -4*q - 7*v + 6412. Let r = q + -667. List the prime factors of r.
3, 311
Suppose -11*d + 53 - 42 = 0. Let m(a) = 604*a + 31. What are the prime factors of m(d)?
5, 127
Suppose 3*y = -44 + 106982. What are the prime factors of y?
2, 3, 13, 457
Let z(j) = 335*j - 515. List the prime factors of z(24).
5, 7, 43
Let k(d) = 19223*d + 1354. List the prime factors of k(2).
2, 5, 199
Let p = 277 + -185. Suppose 3*j - g + 0*g - p = 0, 5*g - 67 = -2*j. Suppose j*s + 195 = 36*s. What are the prime factors of s?
3, 13
Let g(u) = -u**3 - 6*u**2 - 6*u - 5. Let v be g(-5). Suppose -l - 2 = v, -2*b = -2*l - l + 116. Let f = b - -134. List the prime factors of f.
73
Let a(z) = 3*z**2 - 28*z + 22. Let s be a(9). Suppose -s*m - 4*y = -15*m + 114, -3*m + 3*y = -180. What are the prime factors of m?
3, 7
Let t(n) = -3*n + 7*n - n - 2*n + 3. Let x be t(-6). List the prime factors of (4/(x + 4))/((-6)/(-111)).
2, 37
Suppose 17*j - 35 = 50. Suppose j*w + 548 + 417 = 2*y, w + 490 = y. List the prime factors of y.
3, 5, 11
Let w = 760 - 1622. List the prime factors of (w/(-8) + -2)*288/54.
2, 3, 47
Suppose -63*v + 23*v = -65787 - 331213. What are the prime factors of v?
5, 397
Let z be ((-3)/9)/((-2)/(-2 + 26)). Suppose 4*l = -3*t - 306, -z*t - 238 = 3*l - 6*t. What are the prime factors of (-1274)/l*3/(-1)*-4?
2, 7
Let q = -20 - -27. What are the prime factors of q/((-84)/(-1648)) + 10/6?
139
What are the prime factors of (-72)/9 + 20676 + 3?
7, 2953
Suppose -2*w + 48 = -4*s, -8*w = -12*w + 2*s + 114. Let o = 151 + w. What are the prime factors of o?
181
Let k be 1*(-3 + -1) - -538. Let z = 854 - k. What are the prime factors of z?
2, 5
Suppose -4*g + 878 = -3*m - 2022, -2*g + 4*m + 1460 = 0. Let b = -116 + g. What are the prime factors of b?
2, 3, 101
Suppose -451*i = -532*i + 3563190. List the prime factors of i.
2, 5, 53, 83
Suppose 0 = 5*l + 4*v - 31245, 27*l + 2*v - 12500 = 25*l. List the prime factors of l.
5, 1249
Let d(c) be the second derivative of 65*c**3/3 - 7*c**2 + 48*c. List the prime factors of d(2).
2, 3, 41
Suppose -2*b - v + 3 = 0, -4*b + 1 = -2*b + 3*v. List the prime factors of b/(-6) - (-11429)/33.
2, 173
Let l(n) be the first derivative of -83*n**3/3 - 7*n**2/2 - 29*n + 9. Let z(r) be the first derivative of l(r). List the prime factors of z(-1).
3, 53
Suppose 0 = 2*f + m - 10667, -f + 2590 = 2*m - 2745. List the prime factors of f.
5333
Let n(v) = 42*v**3 + 2*v**2 + v - 2. Let f be n(1). Let g = 41 - f. Let u(a) = -4*a**3 - 2*a**2 + 3*a + 3. List the prime factors of u(g).
3, 7
Suppose 0 = -192*s - 412775 + 6705383. List the prime factors of s.
2, 7, 2341
List the prime factors of (-14631519)/(-414) - 6/(-36).
2, 41, 431
List the prime factors of ((-120)/14)/((-3)/532)*32/5.
2, 19
Suppose -207*j - 165*j = -15163092. What are the prime factors of j?
3, 7, 647
Suppose 136*n + 572877 - 1872693 = 80*n. What are the prime factors of n?
3, 2579
Suppose 17*y - 15*y - 8 = 0. Suppose -1188 = -4*g - y*p, 3*g - 529 = 2*p + 357. What are the prime factors of g?
2, 37
Let l = -4510 + 5081. List the prime factors of l.
571
List the prime factors of 37978/((-29)/((-1827)/42)).
3, 17, 1117
Let d = -28 + 35. Let g be (6/d)/(18/168). Suppose -l + 8 = -2*b, -3*b = -l - g*b + 43. List the prime factors of l.
2, 3
Let y = -9 + 5. What are the prime factors of 812 + y + -7 + 3?
2, 3, 67
Let l = -36992 - -70686. List the prime factors of l.
2, 17, 991
Let o = 33705 - 1089. List the prime factors of o.
2, 3, 151
Let t be -13 + 13 + 0 + 1. Let g(n) = 39*n**2 - 2. Let u be g(t). Let v = 40 - u. List the prime factors of v.
3
Let g(o) = -2*o**3 + 130*o**2 - 88*o - 357. What are the prime factors of g(59)?
11, 37, 89
Suppose -32345 = -12*q + 32*q - 855425. What are the prime factors of q?
2, 3, 19
Let c = -10916 - -13886. What are the prime factors of c?
2, 3, 5, 11
Suppose -111*h + 10572 + 45264 = -105*h. List the prime factors of h.
2, 3, 11, 47
Let r = 923 - -3190. List the prime factors of r.
3, 457
Let k(d) = d**2 - 6*d + 1. Let a be 1 - 7 - -3 - -9. Let p be k(a). List the prime factors of p/(148/(-76) - -2).
19
Suppose 5*w - 117457 = 4*